s the ten thousands digit of 170875?
7
What is the ten thousands digit of 775808?
7
What is the hundreds digit of 509706?
7
What is the tens digit of 284200?
0
What is the thousands digit of 3193567?
3
What is the thousands digit of 58603?
8
What is the hundred thousands digit of 2308656?
3
What is the thousands digit of 10651717?
1
What is the hundreds digit of 6110719?
7
What is the hundreds digit of 12143437?
4
What is the ten thousands digit of 1969174?
6
What is the ten thousands digit of 178235?
7
What is the ten millions digit of 16797260?
1
What is the hundred thousands digit of 384502?
3
What is the hundreds digit of 166187?
1
What is the units digit of 86757?
7
What is the units digit of 2189616?
6
What is the thousands digit of 76608?
6
What is the hundreds digit of 280559?
5
What is the hundreds digit of 40953962?
9
What is the hundreds digit of 7860?
8
What is the tens digit of 18140386?
8
What is the thousands digit of 144790?
4
What is the units digit of 1191636?
6
What is the ten thousands digit of 1115371?
1
What is the hundreds digit of 395126?
1
What is the hundreds digit of 2522838?
8
What is the millions digit of 16618785?
6
What is the hundreds digit of 1876466?
4
What is the millions digit of 6546529?
6
What is the hundred thousands digit of 132508?
1
What is the ten thousands digit of 1368842?
6
What is the ten thousands digit of 3762587?
6
What is the hundred thousands digit of 23270028?
2
What is the hundreds digit of 1105575?
5
What is the tens digit of 625514?
1
What is the hundred thousands digit of 241347?
2
What is the ten thousands digit of 15313737?
1
What is the thousands digit of 231591?
1
What is the millions digit of 2668323?
2
What is the hundred thousands digit of 217756?
2
What is the thousands digit of 67945?
7
What is the millions digit of 1519951?
1
What is the ten thousands digit of 1347000?
4
What is the ten thousands digit of 462917?
6
What is the hundreds digit of 39587436?
4
What is the hundred thousands digit of 15624271?
6
What is the thousands digit of 5944?
5
What is the thousands digit of 3849587?
9
What is the tens digit of 701264?
6
What is the units digit of 2221890?
0
What is the units digit of 4608975?
5
What is the hundred thousands digit of 21718561?
7
What is the tens digit of 130347?
4
What is the units digit of 12949878?
8
What is the units digit of 2550215?
5
What is the tens digit of 1945608?
0
What is the hundreds digit of 2835847?
8
What is the tens digit of 11063241?
4
What is the thousands digit of 1098861?
8
What is the hundreds digit of 401319?
3
What is the tens digit of 991745?
4
What is the units digit of 109308?
8
What is the hundreds digit of 63361?
3
What is the millions digit of 5152319?
5
What is the thousands digit of 1246801?
6
What is the units digit of 14742227?
7
What is the thousands digit of 272585?
2
What is the units digit of 582?
2
What is the tens digit of 156650?
5
What is the tens digit of 4592155?
5
What is the ten thousands digit of 1179425?
7
What is the units digit of 2191639?
9
What is the ten millions digit of 29372938?
2
What is the tens digit of 8242887?
8
What is the thousands digit of 121288?
1
What is the hundreds digit of 3263413?
4
What is the hundreds digit of 4982001?
0
What is the millions digit of 2303913?
2
What is the hundred thousands digit of 264258?
2
What is the thousands digit of 2003628?
3
What is the ten thousands digit of 3201354?
0
What is the tens digit of 1795726?
2
What is the ten thousands digit of 168697?
6
What is the hundreds digit of 947839?
8
What is the hundreds digit of 333759?
7
What is the units digit of 835216?
6
What is the thousands digit of 1629842?
9
What is the units digit of 311057?
7
What is the units digit of 299358?
8
What is the units digit of 975632?
2
What is the millions digit of 1449232?
1
What is the hundred thousands digit of 2099311?
0
What is the ten thousands digit of 1836571?
3
What is the ten millions digit of 25440481?
2
What is the hundreds digit of 148435?
4
What is the units digit of 7293338?
8
What is the hundred thousands digit of 125450?
1
What is the units digit of 367691?
1
What is the millions digit of 1414982?
1
What is the thousands digit of 5671291?
1
What is the ten thousands digit of 7563824?
6
What is the hundred thousands digit of 515241?
5
What is the hundred thousands digit of 3446446?
4
What is the hundreds digit of 17549107?
1
What is the ten thousands digit of 891419?
9
What is the units digit of 286598?
8
What is the units digit of 659599?
9
What is the units digit of 138733?
3
What is the thousands digit of 773869?
3
What is the thousands digit of 6746641?
6
What is the hundreds digit of 7648558?
5
What is the thousands digit of 339724?
9
What is the ten thousands digit of 555048?
5
What is the hundreds digit of 317851?
8
What is the hundred thousands digit of 171991?
1
What is the units digit of 4155940?
0
What is the ten thousands digit of 1642751?
4
What is the hundreds digit of 254898?
8
What is the hundreds digit of 803971?
9
What is the ten thousands digit of 12648518?
4
What is the thousands digit of 197750?
7
What is the hundred thousands digit of 484254?
4
What is the hundred thousands digit of 1148245?
1
What is the ten thousands digit of 1635739?
3
What is the hundred thousands digit of 430030?
4
What is the hundred thousands digit of 10047920?
0
What is the hundreds digit of 741909?
9
What is the hundreds digit of 10719598?
5
What is the units digit of 192580?
0
What is the ten thousands digit of 301944?
0
What is the tens digit of 234370?
7
What is the hundreds digit of 3387350?
3
What is the thousands digit of 2206749?
6
What is the tens digit of 268850?
5
What is the tens digit of 9570983?
8
What is the tens digit of 4750067?
6
What is the millions digit of 2690153?
2
What is the ten thousands digit of 11665791?
6
What is the units digit of 846824?
4
What is the hundred thousands digit of 1677853?
6
What is the millions digit of 24420091?
4
What is the tens digit of 155249?
4
What is the units digit of 3110103?
3
What is the hundred thousands digit of 806212?
8
What is the hundreds digit of 389323?
3
What is the units digit of 4171970?
0
What is the hundred thousands digit of 665427?
6
What is the units digit of 1468394?
4
What is the hundred thousands digit of 375892?
3
What is the units digit of 340161?
1
What is the tens digit of 6888064?
6
What is the thousands digit of 810723?
0
What is the tens digit of 234101?
0
What is the ten thousands digit of 274156?
7
What is the hundreds digit of 7884738?
7
What is the hundred thousands digit of 1554647?
5
What is the hundreds digit of 2110020?
0
What is the hundred thousands digit of 11113344?
1
What is the thousands digit of 10556769?
6
What is the thousands digit of 7521722?
1
What is the hundred thousands digit of 126403?
1
What is the tens digit of 599445?
4
What is the tens digit of 38078?
7
What is the tens digit of 2103883?
8
What is the units digit of 6333572?
2
What is the thousands digit of 17093?
7
What is the hundreds digit of 224456?
4
What is the ten thousands digit of 251977?
5
What is the millions digit of 2433040?
2
What is the millions digit of 8818364?
8
What is the ten thousands digit of 637836?
3
What is the millions digit of 7038850?
7
What is the hundreds digit of 11787940?
9
What is the thousands digit of 28921?
8
What is the hundreds digit of 70778?
7
What is the ten millions digit of 10612853?
1
What is the tens digit of 7628064?
6
What is the thousands digit of 78106?
8
What is the hundred thousands digit of 2319332?
3
What is the ten thousands digit of 11646397?
4
What is the tens digit of 7984557?
5
What is the ten thousands digit of 6779125?
7
What is the ten millions digit of 14919344?
1
What is the thousands digit of 15612?
5
What is the millions digit of 18702942?
8
What is the units digit of 539861?
1
What is the millions digit of 1930639?
1
What is the hundreds digit of 1316168?
1
What is the ten thousands digit of 345554?
4
What is the hundred thousands digit of 396552?
3
What is the ten thousands digit of 1845099?
4
What is the thousands digit of 5156350?
6
What is the units digit of 9788544?
4
What is the hundreds digit of 572138?
1
What is the tens digit of 29581